 Let b = u + -4. What is the tens digit of b?
5
Let q(i) = 3*i**3 - 6*i**2 + 13*i + 17. What is the hundreds digit of q(7)?
8
Let i(m) = 2*m + 27. What is the tens digit of i(0)?
2
Suppose 3*x = -602 + 1832. What is the tens digit of x?
1
Suppose -6 = -4*d + 5*x, -9 = d + x + 3*x. What is the tens digit of (d/2)/(3/(-186))?
3
Let f(y) = 4*y**2 - 5*y - 5. Let d be f(-1). What is the hundreds digit of (0 - d - -360)/2?
1
Let i be (2 - -283) + (-3 - 0/(-2)). Let r = -7 + i. What is the hundreds digit of r?
2
Suppose 11*s - 132 = -o + 6*s, 4*o - 585 = -s. What is the tens digit of o?
4
Let r = -9 - 3. Suppose -6*n - 59 = -245. Let q = n + r. What is the tens digit of q?
1
Suppose -53*n + 50*n = -2355. What is the units digit of n?
5
Suppose 3*a = 4*a - 3. Suppose -a*p = 2*c - 297, c + 4*p - 732 = -4*c. What is the tens digit of ((-30)/(-8))/(27/c)?
2
Suppose 0 = 2*s - 6, -5*i + 4132 = 73*s - 69*s. What is the hundreds digit of i?
8
What is the hundreds digit of (4245/4 - 1) + 100/(-80)?
0
Suppose 9478 = 2*m + 12*m. What is the tens digit of m?
7
Let r(l) = 4*l**3 - l**2 - 2*l + 6. Let v be r(-3). Let w = v - -56. Let z = w + 106. What is the units digit of z?
7
Let t = -70 + 147. What is the units digit of t?
7
Suppose 2*o + 11775 = 5*l + 8*o, 4702 = 2*l + 4*o. What is the tens digit of l?
6
Suppose -7*c - 7482 = -36*c. What is the hundreds digit of c?
2
Suppose -38*y + 44*y = 4128. What is the units digit of y?
8
Let s(t) = t**2 + t + 20. Let n be s(-7). Suppose 260 = 5*v - 4*y, -2*v + n = -4*y - 54. What is the units digit of v?
8
Let n be -2 + 0 + -3 - (-8)/1. Suppose 5*s + 2 - 7 = 0. What is the units digit of (20/3)/(s/n)?
0
Let q = 37 + -29. Let z = q - -4. What is the units digit of z?
2
Let d be 3 + -4 + 1 + (-1 - -82). Let h = d - -28. What is the units digit of h?
9
Let b = -10 + 7. Let j = 5 + b. Suppose -u + j*i + 15 = 0, -u - 2*i - 20 = -3*u. What is the units digit of u?
5
Let s(u) = 167*u - 55. What is the units digit of s(3)?
6
Let z(v) = -65*v + 71. What is the tens digit of z(-4)?
3
Let s be 1/((-4425)/(-1105) + -4). Suppose 0 = -5*y + 64 + s. What is the tens digit of y?
5
Let x(w) = 4*w**2 + 21*w + 13. What is the units digit of x(9)?
6
Suppose a + 71 = g - 1, -5*g + 4*a + 360 = 0. Let v = g + -42. What is the units digit of v?
0
Suppose 0 = -j - 4*n + 834, -3*n - 8 + 11 = 0. What is the tens digit of j?
3
Let a(z) = 3*z**2 - 2*z. Let h be a(2). Suppose -1 = f - h. Suppose 0 = -5*o - 20, -f*u + 2*u + 41 = -4*o. What is the units digit of u?
5
Let z(l) be the third derivative of 1/6*l**3 - 1/60*l**5 - 3/8*l**4 + l**2 + 0*l + 0. What is the units digit of z(-9)?
1
Suppose -5*s + 5 = -5*k, 0*s - 19 = -5*k - s. Suppose 7*p = k*p + 24. Suppose p = 3*m - m. What is the units digit of m?
3
Suppose 3703 = 6*n + 1081. What is the units digit of (1 - -3)/(19/n)?
2
Let r(n) be the third derivative of -9*n**4/4 - n**3/3 - 2*n**2. Let z(j) = 2*j**2 - 10*j - 49. Let f be z(8). What is the tens digit of r(f)?
5
Let j(w) = -2*w**3 + 38*w**2 - 11*w - 21. What is the units digit of j(17)?
8
Suppose 5*z + 49 = 3*t, 3*z + 58 = 2*t + 2*t. Let p = t - 11. What is the tens digit of p/8 - 59/(-4)?
1
Suppose -15 = 3*s, -3*s = 5*y - s - 255. Let c = 7 + 0. Let n = y + c. What is the units digit of n?
0
Let i be (0/(-3) + -1)/(1/(-2)). What is the units digit of 0 + 16 - 0 - 6/i?
3
Let l(n) = 2*n - 32. Let y be l(17). Suppose -y*o + o + 97 = 3*m, -3*o + 243 = -3*m. What is the tens digit of o?
8
Suppose 0 = -4*i - d + 116, -2*i = 2*i + 2*d - 112. Suppose -10 = 5*q - i. Suppose -2*m - 5*b + 24 = 0, b = -q*m + 2*b + 92. What is the tens digit of m?
2
What is the tens digit of 10966/4 + 378/28 + -13?
4
Let p(i) = 12*i**2 + 2*i - 1. Let r be 3 - (1 - (-8)/(-4)). Suppose 9 - 5 = r*m. What is the units digit of p(m)?
3
Suppose 9354 + 8423 = 29*p. What is the units digit of p?
3
Suppose -2*c + 31 = -4*b - 7*c, -5*b + c = 75. Suppose -44 = -2*j + 22. Let i = b + j. What is the units digit of i?
9
Suppose -150 = -t - 47. Suppose -m = 0, 0 = -0*p - 2*p - m + 4. Suppose -p*c = -5*b - 73, c + 5*b = -c + t. What is the tens digit of c?
4
Let x be (-2)/9 - (-494)/117. Suppose x*d - 3*b - 2*b - 8 = 0, -d - 3*b + 19 = 0. What is the units digit of d?
7
Suppose -4*s - 4*y - 4 = -s, -2 = 4*s + 2*y. Suppose -7*g + 5*g = s. Let z(u) = -u**2 + 7. What is the units digit of z(g)?
7
Suppose 19688 = -4*y + 12*y. What is the thousands digit of y?
2
Let q(o) = 38*o + 319. What is the tens digit of q(27)?
4
Suppose b - o = -b + 10, -b = -4*o - 5. Suppose -5*d = 5*q - 55, -2*q + 7 = -5*q + 5*d. Suppose b*m - q = 2*m. What is the units digit of m?
2
Suppose 54 = -17*t + 22*t + 3*w, 0 = 3*t + 4*w - 28. Let b = 208 + -128. What is the units digit of (b/12)/(2/t)?
0
Suppose -5*z + 4*p - p = -1, 5*z = 2*p - 1. Let f(a) = -4*a**3 - a**2 - a. Let j be f(z). Suppose -j*u = 12 - 40. What is the units digit of u?
7
Suppose 2*v = -4*m + 1484, -5*v + 1 = 21. Suppose o + g = -o + m, -15 = -5*g. What is the tens digit of o?
8
Suppose -3 = -h, -3*r + 5*h - 16 - 74 = 0. Suppose -11 = -2*g - 13. Let s = g - r. What is the units digit of s?
4
Suppose -21*d - 2*u + 4432 = -16*d, 0 = -5*u + 5. What is the tens digit of d?
8
Let k(i) = -i**3 - 5*i**2 - 3*i - 12. Let h be k(-5). Suppose -41 = 2*r + h*s - 4*s, 2*s = -3*r - 44. What is the units digit of (-187)/(-7) - r/63?
7
Let r(j) = -10 - 1214*j**3 - j**2 - 4*j**2 + 1215*j**3. What is the tens digit of r(7)?
8
Let v(b) = 2*b + 32. Let d be v(-16). Suppose d + 200 = 8*t. What is the units digit of t?
5
Suppose -v + 25*y + 688 = 22*y, 0 = -5*y. What is the units digit of v?
8
Suppose 0 = 19*f + 6*f - 8950. What is the units digit of f?
8
Let s(g) = 5*g**2 - 67*g + 35. What is the hundreds digit of s(27)?
8
Let c = 2259 + 130. What is the units digit of c?
9
Suppose c + 11679 = 4*o, 6*o - 5*o - c = 2922. What is the thousands digit of o?
2
Suppose -3*q + 73 - 22 = 0. Suppose w - 91 = q. Suppose 4*c + 2*s - w = 0, 0 = -3*s + 4 - 16. What is the tens digit of c?
2
Suppose 5*y - 235 = -x + 2768, 4*y - 4*x - 2412 = 0. What is the hundreds digit of y?
6
Suppose -5*p = -p - 116. Let y(b) = -14*b - 67. Let a be y(-6). Let j = p - a. What is the units digit of j?
2
Suppose 3*b = 1 + 17. Suppose b*a - 4 = 7*a. What is the tens digit of 444/16 - 1/a?
2
Suppose 12*y = -0*y + 1056. What is the units digit of y?
8
Let k be (255/60)/((-1)/4). Let y(x) = -x**2 - 21*x + 23. What is the tens digit of y(k)?
9
Let z(h) = -h**2 - 10. Let u be z(0). Let b = u + 3. Let n(q) = -2*q + 2. What is the tens digit of n(b)?
1
Suppose 0*d - 124 = 4*t + 2*d, -3*t - 96 = 3*d. Let l = t + 68. What is the tens digit of l?
3
Let c be 1 - (1 + -1 + 5). Let f(l) = 62*l**2 - 7 - 2 - 60*l**2. What is the units digit of f(c)?
3
Suppose 7*i + i = 40. Suppose 0 = -5*p + 5 - 0, 0 = -5*h + i*p + 1660. What is the units digit of h?
3
Suppose 2*k - 369 = -w + 52, -5*k - 4*w + 1060 = 0. What is the hundreds digit of k?
2
Suppose 8*p = 2*p + 42. Let l(r) = 27*r - 3. What is the tens digit of l(p)?
8
Suppose u = -4*u + 4*u. Suppose u = -q + 5 + 37. What is the units digit of q?
2
Let c = 2 + -21. Let j = c + 108. What is the units digit of j?
9
Let g = 1 - 1. Let z(t) = 6*t + 38. Let c be z(-6). Suppose v + c*v - 90 = g. What is the tens digit of v?
3
Suppose -108 = -20*q + 312. What is the units digit of q?
1
Let n(o) = 12*o**2 - 10. What is the tens digit of n(8)?
5
Let k = 663 - -609. What is the tens digit of k?
7
Suppose 0 = 2*g - 33 - 89. Let k = 107 - g. What is the tens digit of k?
4
Let m = -451 - -1120. What is the tens digit of m?
6
Let z be 18/9 - 0/(-5). Let f = -56 - -188. Suppose p - f = -z*p. What is the tens digit of p?
4
Let o(x) = -73*x**2 + 3 + x**3 + 11*x + 63*x**2 - 3 + 1. Let r be o(10). Suppose 5*g + 145 = 3*b, -4*b - g + r + 44 = 0. What is the units digit of b?
0
Let u = -1336 + 1905. What is the units digit of u?
9
Let w(a) = -a**2 - a. Let m be (-2 + (3 - -1))*1. Let o(g) = -g**3 + 9*g**2 + 3*g - 6. Let u(i) = m*w(i) + o(i). What is the units digit of u(7)?
1
Suppose -4*z - 14*z + 162 = 0. Suppose -5*o = 2*h - 6, -3*h + 2*o = 2*h - 15. Suppose z = 3*t + h. What is the units digit of t?
2
Let c(w) be the second derivative of w**4/12 - 2*w**3/3 - 3*w**2/2 - 2*w. Let y be 